 f*p - 44 = 2*u. List the prime factors of p.
2
Let l = -1267 - -3051. What are the prime factors of l?
2, 223
Let k(l) = -l**2 - 4 - 5 + 26*l - 3*l. List the prime factors of k(19).
67
Suppose 4*y = -m + 93, 0 = -m + 3*y + 93 + 35. List the prime factors of m.
113
Suppose -3*z - 3*l = -3054, 80*l = z + 76*l - 1023. List the prime factors of z.
1019
Let p(g) = g**2 + 26*g + 4. Let m be p(-15). Let w = 230 + m. List the prime factors of w.
3, 23
Suppose 4*u = 4*v + 1000, -30*u + 32*u = -3*v + 515. What are the prime factors of u?
11, 23
Let q(a) = 4*a + 5. Let c be q(0). Suppose 535 = -p + 6*p - c*w, 303 = 3*p + 3*w. What are the prime factors of p?
2, 13
Let u(x) = -56*x**3 + 5*x + 3. Let a be u(-3). Suppose 9*r = -3*r + a. What are the prime factors of r?
5
Suppose 0 = -0*k + k - 0*k. What are the prime factors of (-2 - (1 + k))/((-3)/52)?
2, 13
Let c(x) = -3*x + 3. Let m(s) = 4*s - 2. Let g(l) = 5*c(l) + 4*m(l). Let r be g(-9). What are the prime factors of 33 - (0 + r + 4)?
31
Let o = 48 + -24. Suppose k - o = 153. What are the prime factors of k?
3, 59
Suppose -4*b - 24 = -5*l - 2*b, -5*b - 26 = -4*l. Let c be 9/(-27) + (-12)/18. Let f = c + l. List the prime factors of f.
3
Let a be ((-3)/(-12)*4)/1. Let n be 1 + (a*36)/1. Suppose l + l = 3*h + n, -6 = -2*h. List the prime factors of l.
23
Suppose -4 = o + 4. What are the prime factors of (o*4/12)/((-2)/96)?
2
Suppose 0*c - 2 = h - c, -5*h = c - 20. Let n(b) = 16*b**2 + 4*b + 1. What are the prime factors of n(h)?
157
Let t = -156 - -227. Let s = t - -146. What are the prime factors of s?
7, 31
Suppose -14*w + 16 = -18*w. Let f(c) be the second derivative of -5*c**3/2 - 7*c**2 + 3*c. List the prime factors of f(w).
2, 23
Suppose 5*m = -20 - 55. Let q be (50/m)/((-4)/6). List the prime factors of (-1 - -5)*q - -2.
2, 11
Let f(x) = 19*x**2 - 6*x + 52. What are the prime factors of f(4)?
2, 83
Suppose 0 = i - 4*g - 77, 3*i - 296 = -5*g + 4*g. List the prime factors of i.
97
Let b(u) = -17*u - 16. Let l(w) = -16*w - 16. Let r(x) = 3*b(x) - 2*l(x). What are the prime factors of r(-4)?
2, 3, 5
What are the prime factors of (-36)/(-16)*14/63*2762?
1381
Let c(o) = 6*o - 3. Let d be c(4). Suppose 0 = -3*n + d + 81. Suppose y + w = 4*y - n, -y - 2*w + 16 = 0. What are the prime factors of y?
2, 3
Suppose -4*m + 15 = -3*m. Let b be 16/(-12)*m/(-10). Suppose -3*g + 22 = 3*k - b, 4*g + k = 17. What are the prime factors of g?
3
Let o = 13 + 480. List the prime factors of o.
17, 29
Let l(v) = 16*v - 8. Let f be l(3). Let h(k) = k**2 - 3*k - 4. Let p be h(-4). Let c = f - p. What are the prime factors of c?
2
Let a = 74 - 75. What are the prime factors of 3*((-80)/(-15) + a)?
13
Suppose -1 = -3*u + 14. Let x be (-56)/(-20)*(u - 0). Suppose -5*f + 2*h + 27 = -h, 2*f - 2*h - x = 0. What are the prime factors of f?
3
Let n(a) = a**2 - 13*a + 3. Let c be n(13). Suppose 0 = c*i - 431 + 173. List the prime factors of i.
2, 43
Let r = -3255 - -4668. What are the prime factors of r?
3, 157
Let a be 1 - (1 + -53)/4. Let h = -11 + a. Suppose -h = 4*d - 47. List the prime factors of d.
11
Let a(l) = -l**2 - 5*l + 5. Let y be a(-6). Let g be (-12)/5*250/(-20). List the prime factors of g + (y - 0 - 1).
2, 7
Let y(x) = 15*x**3 - 2*x - 1. Let q be y(-1). Let w = 16 + q. Suppose -1 - 71 = -w*d. What are the prime factors of d?
2, 3
Suppose -20*w - 3105 = -25*w. List the prime factors of w.
3, 23
Let b(r) = -33*r - 13. Let q be b(-7). Let s = q - 115. What are the prime factors of s?
103
Let w(x) = -273*x + 34. List the prime factors of w(-2).
2, 5, 29
Let r(v) = v**3 - 16*v**2 - 15*v + 21. Let d be r(12). List the prime factors of 2/3*d/(-10).
7
Suppose -4*z - 15 - 3 = -2*b, 5*z + 2*b + 18 = 0. List the prime factors of 7/(1 + z - (-308)/98).
7
Let u be -138 + 2/(-1) + (-38 - -39). Let n = u - -163. What are the prime factors of n?
2, 3
Let h(q) = 87*q - 5. List the prime factors of h(1).
2, 41
Let l be ((-94)/6 - -4)/(1/3). What are the prime factors of 462/l*(-60)/9?
2, 11
Suppose -2*i + 4*s + 366 = 0, 0 = -0*i + 3*i - 3*s - 552. List the prime factors of i.
5, 37
Let t(s) = s**3 - 10*s**2 + 4*s - 9. Let j(b) = -b**2 + b + 3. Let h be j(-4). Let o = -7 - h. List the prime factors of t(o).
31
Suppose 14938 = 251*k - 240*k. List the prime factors of k.
2, 7, 97
Suppose -514 = -3*s - r, -3*s - 2*r + 522 = r. Let c = -101 + s. What are the prime factors of c?
3, 23
Suppose 0 = -32*a - 44*a + 93936. What are the prime factors of a?
2, 3, 103
What are the prime factors of (23/2)/(1/22)?
11, 23
Let o = -124 + 303. What are the prime factors of o?
179
Suppose 4*v = -5*m + 3216 + 880, 2*m = 3*v - 3072. List the prime factors of v.
2
Suppose x = -6*x + 63. Suppose -170 = -x*i + 4*i. List the prime factors of i.
2, 17
Let x = 0 - -5. Let p(j) = 2*j**2 - 5*j + 11. Let m be p(x). Let t = m + -14. List the prime factors of t.
2, 11
Suppose 4*q - 278 = -0*p - 2*p, -2*q + 129 = -p. Let l be 37/(2*4/(-8)). Let i = q + l. List the prime factors of i.
2, 3, 5
Let f(t) = 24*t**2 - 1 + 3*t**2 - t + 9*t**2. List the prime factors of f(1).
2, 17
Suppose 0*i + 14 = -2*i. Let m = 10 + i. Suppose m = -3*u + 18. What are the prime factors of u?
5
Let w(g) = -4*g**3 - 6*g**2 + 11*g + 14. List the prime factors of w(-6).
2, 149
Let c(h) = 6*h**2 + 5*h + 107. List the prime factors of c(14).
3, 11, 41
What are the prime factors of (1*(-3 - -2))/(6/(-2352))?
2, 7
Suppose -23520 = 97*q - 112*q. List the prime factors of q.
2, 7
Let t(r) = 46*r**3 - 8*r**2 - 2*r + 20. What are the prime factors of t(3)?
2, 37
Let k(d) = d**3 + 21*d**2 + 30*d + 29. List the prime factors of k(-19).
181
Let x(d) = d - 7. Let j be x(-6). Let b(f) be the second derivative of -f**5/20 - f**4 + 11*f**3/6 - 4*f**2 - 11*f. List the prime factors of b(j).
2, 3
Suppose g = 2 - 3, 4 = k - 4*g. Suppose k = 8*o - 10 - 14. List the prime factors of o.
3
Let l(h) be the second derivative of -19*h**3/6 + 5*h**2 + 9*h. Let m(t) = -56*t + 30. Let d(u) = -14*l(u) + 5*m(u). What are the prime factors of d(-4)?
2, 3, 11
Suppose -2*r - 2588 = -2*l, -4*r - 3227 - 3248 = -5*l. List the prime factors of l.
3, 433
Let b(t) = -5*t + 8*t**2 + 16*t**2 - 9 + 3*t - 8*t**2. What are the prime factors of b(4)?
239
Let r(g) = -2*g - 16. Let f be r(-10). Let p = 4 - f. Suppose p = -2*b - 4 + 112. List the prime factors of b.
2, 3
Let a(w) = -9*w**2 - w - 1. Let m be a(2). Let h = m - -58. List the prime factors of h.
19
Let d = 218 - -273. Suppose 6*a + 173 = d. What are the prime factors of a?
53
Suppose 5*b - 5*k = -2*k - 15, b + 2*k = 10. Suppose -3*c - 2*c + 140 = b. What are the prime factors of c?
2, 7
Let m be 35/11 - 6/33. Suppose 0 = 3*k + k + y - 18, 0 = -3*k + m*y + 21. Let v = 9 - k. List the prime factors of v.
2
Suppose -6*w + 616 = -806. List the prime factors of w.
3, 79
Let h be 3/(5/5) - -23. Let s(x) = x**2 + 6*x - 5. Let v be s(-4). Let y = v + h. List the prime factors of y.
13
List the prime factors of (-2)/(((-54)/(-12))/(-9)) - -403.
11, 37
Suppose 2*b + 3*g = 1836, 12*b - 3660 = 8*b - 3*g. What are the prime factors of b?
2, 3, 19
Let o be (-716)/8*(-2 + 0). Suppose 5*z - 4*u - 24 = -160, -4*z = 2*u + 88. What are the prime factors of 18/z + o/4?
2, 11
Let s(y) = 195*y + 50. What are the prime factors of s(1)?
5, 7
Let a = 4432 - 2873. What are the prime factors of a?
1559
Let g(v) = -v**3 + 3*v**2 + v. Let c be g(3). List the prime factors of 6/9 + 19/c.
7
Suppose 18*h + 5674 = 19336. What are the prime factors of h?
3, 11, 23
Suppose 3*k - 9*k = -786. Suppose 4*l + 5*i = 599, 0*l + k = l - 5*i. List the prime factors of l.
2, 73
Let m be 8/12 + 1033/3. Suppose -d = 2*d - m. Suppose 0 = 4*c + 2*l - 140, 3*c - 5*l + 4*l = d. What are the prime factors of c?
37
Let x be -1*0/(8/2). Suppose -3*g - 3*y + 27 = x, 2*y = g + 3 - 0. Let m = 23 - g. List the prime factors of m.
2, 3
Suppose 6*c = 29 - 47. What are the prime factors of 105 + (-2*c/(-6) - 1)?
103
Let c(o) = 7*o**2 - o - 4. Suppose -3*g - 35 = -41. List the prime factors of c(g).
2, 11
Let y be (-1)/(1/2 - 1). Let f be 0 + -1 - 88/(-22). Suppose -b + f*i = -50, 2*b - 2*i = y*i + 106. What are the prime factors of b?
59
Let s(t) = t - 1. Let p be s(6). Suppose 0 = -3*m - 5*r + 199, p*m + r - 319 = -r. What are the 